{"id":373,"date":"2021-11-18T08:37:34","date_gmt":"2021-11-18T08:37:34","guid":{"rendered":"https:\/\/niederwald.info\/?page_id=373"},"modified":"2024-03-22T07:58:06","modified_gmt":"2024-03-22T07:58:06","slug":"373-2","status":"publish","type":"page","link":"https:\/\/niederwald.info\/?page_id=373","title":{"rendered":"Presseberichte"},"content":{"rendered":"<p>[et_pb_section fb_built=&#8220;1&#8243; _builder_version=&#8220;4.16&#8243; _module_preset=&#8220;default&#8220; global_colors_info=&#8220;{}&#8220;][et_pb_row _builder_version=&#8220;4.18.0&#8243; _module_preset=&#8220;default&#8220; width=&#8220;100%&#8220; custom_padding=&#8220;0px||||false|false&#8220; global_colors_info=&#8220;{}&#8220;][et_pb_column type=&#8220;4_4&#8243; _builder_version=&#8220;4.18.0&#8243; _module_preset=&#8220;default&#8220; global_colors_info=&#8220;{}&#8220;][et_pb_image src=&#8220;https:\/\/niederwald.info\/wp-content\/uploads\/2022\/09\/header001.png&#8220; title_text=&#8220;header001&#8243; _builder_version=&#8220;4.18.0&#8243; _module_preset=&#8220;default&#8220; global_colors_info=&#8220;{}&#8220;][\/et_pb_image][\/et_pb_column][\/et_pb_row][et_pb_row _builder_version=&#8220;4.17.4&#8243; _module_preset=&#8220;default&#8220; global_colors_info=&#8220;{}&#8220;][et_pb_column type=&#8220;4_4&#8243; _builder_version=&#8220;4.17.4&#8243; _module_preset=&#8220;default&#8220; global_colors_info=&#8220;{}&#8220;][et_pb_text _builder_version=&#8220;4.17.4&#8243; _module_preset=&#8220;default&#8220; text_font=&#8220;Bree Serif||||||||&#8220; text_font_size=&#8220;28px&#8220; text_orientation=&#8220;center&#8220; box_shadow_style=&#8220;preset3&#8243; box_shadow_spread=&#8220;-9px&#8220; box_shadow_color=&#8220;#e09100&#8243; global_colors_info=&#8220;{}&#8220;]<\/p>\n<p>Presseberichte<\/p>\n<p>[\/et_pb_text][\/et_pb_column][\/et_pb_row][et_pb_row column_structure=&#8220;1_4,1_4,1_4,1_4&#8243; _builder_version=&#8220;4.18.0&#8243; _module_preset=&#8220;default&#8220; global_colors_info=&#8220;{}&#8220;][et_pb_column type=&#8220;1_4&#8243; _builder_version=&#8220;4.18.0&#8243; _module_preset=&#8220;default&#8220; global_colors_info=&#8220;{}&#8220;][\/et_pb_column][et_pb_column type=&#8220;1_4&#8243; _builder_version=&#8220;4.18.0&#8243; _module_preset=&#8220;default&#8220; global_colors_info=&#8220;{}&#8220;][et_pb_blurb title=&#8220;Der neue ist der Alte&#8220; image=&#8220;https:\/\/niederwald.info\/wp-content\/uploads\/2021\/06\/cropped-logo001-150&#215;150.png&#8220; _builder_version=&#8220;4.24.2&#8243; _module_preset=&#8220;default&#8220; header_font=&#8220;Alata||||||||&#8220; header_text_align=&#8220;center&#8220; text_orientation=&#8220;center&#8220; hover_enabled=&#8220;0&#8243; global_colors_info=&#8220;{}&#8220; theme_builder_area=&#8220;post_content&#8220; sticky_enabled=&#8220;0&#8243;]<\/p>\n<p>Jahreshauptversammlung der Freiwilligen Feuerwehr Niederwald<\/p>\n<p>OP Marburg vom 22.03.2024<\/p>\n<p><a href=\"https:\/\/niederwald.info\/wp-content\/uploads\/2024\/03\/Ostkreis-22.03.2024-Seite-12-1.png\" target=\"_blank\" rel=\"noopener\">[mehr]<\/a><\/p>\n<p>[\/et_pb_blurb][\/et_pb_column][et_pb_column type=&#8220;1_4&#8243; _builder_version=&#8220;4.18.0&#8243; _module_preset=&#8220;default&#8220; global_colors_info=&#8220;{}&#8220;][et_pb_blurb title=&#8220;1000 Euro f\u00fcr Hospizdienst&#8220; image=&#8220;https:\/\/niederwald.info\/wp-content\/uploads\/2021\/06\/cropped-logo001-150&#215;150.png&#8220; _builder_version=&#8220;4.24.2&#8243; _module_preset=&#8220;default&#8220; header_font=&#8220;Alata||||||||&#8220; header_text_align=&#8220;center&#8220; text_orientation=&#8220;center&#8220; global_colors_info=&#8220;{}&#8220;]<\/p>\n<p>Gymnastikgruppe Niederwald spendet an den Ambulanten Kinder- u. Jugendhospizdienst Marburg<\/p>\n<p>OP Marburg vom 20.03.2024<\/p>\n<p><a href=\"https:\/\/niederwald.info\/wp-content\/uploads\/2024\/03\/Ostkreis-20.03.2024-Seite-5-1.png\" target=\"_blank\" rel=\"noopener\">[mehr]<\/a><\/p>\n<p>[\/et_pb_blurb][\/et_pb_column][et_pb_column type=&#8220;1_4&#8243; _builder_version=&#8220;4.18.0&#8243; _module_preset=&#8220;default&#8220; global_colors_info=&#8220;{}&#8220;][et_pb_blurb title=&#8220;Fahrzeugwechsel nach 30 Jahren&#8220; image=&#8220;https:\/\/niederwald.info\/wp-content\/uploads\/2021\/06\/cropped-logo001-150&#215;150.png&#8220; _builder_version=&#8220;4.23.1&#8243; _module_preset=&#8220;default&#8220; header_font=&#8220;Alata||||||||&#8220; header_text_align=&#8220;center&#8220; text_orientation=&#8220;center&#8220; global_colors_info=&#8220;{}&#8220;]<\/p>\n<p>Feuerwehr Niederwald hat ein neues Tragkraftspritzenfahrzeug.<\/p>\n<p>OP Marburg vom 29.11.2023<\/p>\n<p><a href=\"https:\/\/niederwald.info\/wp-content\/uploads\/2023\/11\/Ostkreis-29.11.2023-Seite-5-1.png\" target=\"_blank\" rel=\"noopener\">[Pressebericht]<\/a><\/p>\n<p>[\/et_pb_blurb][\/et_pb_column][\/et_pb_row][et_pb_row column_structure=&#8220;1_4,1_4,1_4,1_4&#8243; _builder_version=&#8220;4.18.0&#8243; _module_preset=&#8220;default&#8220; global_colors_info=&#8220;{}&#8220;][et_pb_column type=&#8220;1_4&#8243; _builder_version=&#8220;4.18.0&#8243; _module_preset=&#8220;default&#8220; global_colors_info=&#8220;{}&#8220;][et_pb_blurb title=&#8220;Kinder k\u00f6nnen mit Streichh\u00f6lzern umgehen&#8220; image=&#8220;https:\/\/niederwald.info\/wp-content\/uploads\/2021\/06\/cropped-logo001-150&#215;150.png&#8220; _builder_version=&#8220;4.21.0&#8243; _module_preset=&#8220;default&#8220; header_font=&#8220;Alata||||||||&#8220; header_text_align=&#8220;center&#8220; text_orientation=&#8220;center&#8220; global_colors_info=&#8220;{}&#8220;]<\/p>\n<p>Niederw\u00e4lder Nachwuchsbrandsch\u00fctzer absolvieren Kinderfeuerwehrabzeichen<\/p>\n<p>OP Marburg vom 13.06.2023<\/p>\n<p><a href=\"https:\/\/niederwald.info\/wp-content\/uploads\/2023\/06\/OP-Marburg-13.06.2023.png\" target=\"_blank\" rel=\"noopener\">[mehr]<\/a><\/p>\n<p>[\/et_pb_blurb][\/et_pb_column][et_pb_column type=&#8220;1_4&#8243; _builder_version=&#8220;4.18.0&#8243; _module_preset=&#8220;default&#8220; global_colors_info=&#8220;{}&#8220;][et_pb_blurb title=&#8220;Ein musikalischer Fr\u00fchling&#8220; image=&#8220;https:\/\/niederwald.info\/wp-content\/uploads\/2021\/06\/cropped-logo001-150&#215;150.png&#8220; _builder_version=&#8220;4.21.0&#8243; _module_preset=&#8220;default&#8220; header_font=&#8220;Alata||||||||&#8220; header_text_align=&#8220;center&#8220; text_orientation=&#8220;center&#8220; global_colors_info=&#8220;{}&#8220;]<\/p>\n<p>M\u00e4nnergesangverein 1884 Niederwald veranstaltet Liederabend mit Gastch\u00f6ren.<\/p>\n<p>OP Marburg vom 22.05.2023<\/p>\n<p><a href=\"https:\/\/niederwald.info\/wp-content\/uploads\/2023\/05\/OP-Marburg-Ostkreis-22.05.20236-1.png\" target=\"_blank\" rel=\"noopener\">[mehr]<\/a><\/p>\n<p>[\/et_pb_blurb][\/et_pb_column][et_pb_column type=&#8220;1_4&#8243; _builder_version=&#8220;4.18.0&#8243; _module_preset=&#8220;default&#8220; global_colors_info=&#8220;{}&#8220;][et_pb_blurb title=&#8220;Saugbagger kehren nicht mehr zur\u00fcck&#8220; image=&#8220;https:\/\/niederwald.info\/wp-content\/uploads\/2021\/06\/cropped-logo001-150&#215;150.png&#8220; _builder_version=&#8220;4.19.1&#8243; _module_preset=&#8220;default&#8220; header_font=&#8220;Alata||||||||&#8220; header_text_align=&#8220;center&#8220; text_orientation=&#8220;center&#8220; global_colors_info=&#8220;{}&#8220;]<\/p>\n<p>Nach mehr als f\u00fcnf Jahrzehnten ist der Kiesabbau bei Niederwald zu Ende<\/p>\n<p>OP Marburg vom 23.11.2022<\/p>\n<p><a href=\"https:\/\/niederwald.info\/wp-content\/uploads\/2022\/11\/op-vom-23112022.png\" target=\"_blank\" rel=\"noopener\">[Pressebericht]<\/a><\/p>\n<p>[\/et_pb_blurb][\/et_pb_column][et_pb_column type=&#8220;1_4&#8243; _builder_version=&#8220;4.18.0&#8243; _module_preset=&#8220;default&#8220; global_colors_info=&#8220;{}&#8220;][et_pb_blurb title=&#8220;Herbstkonzert mit Chormusik&#8220; image=&#8220;https:\/\/niederwald.info\/wp-content\/uploads\/2021\/06\/cropped-logo001-150&#215;150.png&#8220; _builder_version=&#8220;4.19.0&#8243; _module_preset=&#8220;default&#8220; header_font=&#8220;Alata||||||||&#8220; header_text_align=&#8220;center&#8220; text_orientation=&#8220;center&#8220; global_colors_info=&#8220;{}&#8220;]<\/p>\n<p>MGV 1884 Niederwald veranstaltete bunten Liederabend mit G\u00e4sten. Langj\u00e4hrige Mitglieder geehrt.<\/p>\n<p>OP Marburg vom 05.11.2022<\/p>\n<p><a href=\"https:\/\/niederwald.info\/wp-content\/uploads\/2022\/11\/op-vom-05.11.22.jpg\" target=\"_blank\" rel=\"noopener\">[Pressebericht]<\/a><\/p>\n<p>[\/et_pb_blurb][\/et_pb_column][\/et_pb_row][et_pb_row column_structure=&#8220;1_4,1_4,1_4,1_4&#8243; _builder_version=&#8220;4.18.0&#8243; _module_preset=&#8220;default&#8220; global_colors_info=&#8220;{}&#8220;][et_pb_column type=&#8220;1_4&#8243; _builder_version=&#8220;4.18.0&#8243; _module_preset=&#8220;default&#8220; global_colors_info=&#8220;{}&#8220;][et_pb_blurb title=&#8220;Wenn die Fahrbahn zu dreckig wird&#8220; image=&#8220;https:\/\/niederwald.info\/wp-content\/uploads\/2021\/06\/cropped-logo001-150&#215;150.png&#8220; _builder_version=&#8220;4.18.0&#8243; _module_preset=&#8220;default&#8220; header_font=&#8220;Alata||||||||&#8220; header_text_align=&#8220;center&#8220; text_orientation=&#8220;center&#8220; global_colors_info=&#8220;{}&#8220;]<\/p>\n<p>A49-Erdtransporte f\u00fchren zu Beschwerden aus Niederwald \/ Gespr\u00e4che geplant<\/p>\n<p>OP Marburg vom 17.08.2021<\/p>\n<p><a href=\"https:\/\/niederwald.info\/wp-content\/uploads\/2021\/11\/OP-vom-17.08-2.png\" target=\"_blank\" rel=\"noopener\">[Pressebericht]<\/a><\/p>\n<p>[\/et_pb_blurb][\/et_pb_column][et_pb_column type=&#8220;1_4&#8243; _builder_version=&#8220;4.18.0&#8243; _module_preset=&#8220;default&#8220; global_colors_info=&#8220;{}&#8220;][et_pb_blurb title=&#8220;Einsatzkr\u00e4fte freuen sich auf neues Fahrzeug&#8220; image=&#8220;https:\/\/niederwald.info\/wp-content\/uploads\/2021\/06\/cropped-logo001-150&#215;150.png&#8220; _builder_version=&#8220;4.18.0&#8243; _module_preset=&#8220;default&#8220; header_font=&#8220;Alata||||||||&#8220; header_text_align=&#8220;center&#8220; text_orientation=&#8220;center&#8220; global_colors_info=&#8220;{}&#8220;]<\/p>\n<p>Jhv. der FFw fand nach zweij\u00e4hriger Pause erstmals wieder statt<\/p>\n<p>OP Marburg vom 15.07.2022<\/p>\n<p><a href=\"https:\/\/niederwald.info\/wp-content\/uploads\/2022\/09\/OP-vom-15.07.2022.png\" target=\"_blank\" rel=\"noopener\">[Pressebericht]<\/a><\/p>\n<p>[\/et_pb_blurb][\/et_pb_column][et_pb_column type=&#8220;1_4&#8243; _builder_version=&#8220;4.18.0&#8243; _module_preset=&#8220;default&#8220; global_colors_info=&#8220;{}&#8220;][et_pb_blurb title=&#8220;Sorge um  gen\u00fcgend Bauland&#8220; image=&#8220;https:\/\/niederwald.info\/wp-content\/uploads\/2021\/06\/cropped-logo001-150&#215;150.png&#8220; _builder_version=&#8220;4.18.0&#8243; _module_preset=&#8220;default&#8220; header_font=&#8220;Alata||||||||&#8220; header_text_align=&#8220;center&#8220; text_orientation=&#8220;center&#8220; global_colors_info=&#8220;{}&#8220;]<\/p>\n<p>Stadt Kirchhain hat zahlreiche \u00c4nderungsw\u00fcnsche f\u00fcr den k\u00fcnftigen Regionalplan<\/p>\n<p>OP Marburg vom 12.03.2022<\/p>\n<p><a href=\"https:\/\/niederwald.info\/wp-content\/uploads\/2022\/03\/op-vom-12032022.png\" target=\"_blank\" rel=\"noopener\">[Pressebericht]<\/a><\/p>\n<p>[\/et_pb_blurb][\/et_pb_column][et_pb_column type=&#8220;1_4&#8243; _builder_version=&#8220;4.18.0&#8243; _module_preset=&#8220;default&#8220; global_colors_info=&#8220;{}&#8220;][et_pb_blurb title=&#8220;Neuer Investor bringt neuen Schwung&#8220; image=&#8220;https:\/\/niederwald.info\/wp-content\/uploads\/2021\/06\/cropped-logo001-150&#215;150.png&#8220; _builder_version=&#8220;4.18.0&#8243; _module_preset=&#8220;default&#8220; header_font=&#8220;Alata||||||||&#8220; header_text_align=&#8220;center&#8220; text_orientation=&#8220;center&#8220; global_colors_info=&#8220;{}&#8220;]<\/p>\n<p>In Niederwald entstehen 16 Eigentumswohnungen im Ortskern<\/p>\n<p>OP Marburg vom 09.03.2022<\/p>\n<p><a href=\"https:\/\/niederwald.info\/wp-content\/uploads\/2022\/03\/OOP-vom-9.3.22.png\" target=\"_blank\" rel=\"noopener\">[Pressebericht]<\/a><\/p>\n<p>[\/et_pb_blurb][\/et_pb_column][\/et_pb_row][\/et_pb_section][et_pb_section fb_built=&#8220;1&#8243; _builder_version=&#8220;4.16&#8243; _module_preset=&#8220;default&#8220; width=&#8220;100%&#8220; global_colors_info=&#8220;{}&#8220;][et_pb_row _builder_version=&#8220;4.18.0&#8243; _module_preset=&#8220;default&#8220; global_colors_info=&#8220;{}&#8220;][et_pb_column type=&#8220;4_4&#8243; _builder_version=&#8220;4.18.0&#8243; _module_preset=&#8220;default&#8220; global_colors_info=&#8220;{}&#8220;][et_pb_divider _builder_version=&#8220;4.18.0&#8243; _module_preset=&#8220;default&#8220; custom_padding=&#8220;||0px|||&#8220; global_colors_info=&#8220;{}&#8220;][\/et_pb_divider][\/et_pb_column][\/et_pb_row][\/et_pb_section]<\/p>\n","protected":false},"excerpt":{"rendered":"<p>PresseberichteJahreshauptversammlung der Freiwilligen Feuerwehr Niederwald OP Marburg vom 22.03.2024 [mehr]Gymnastikgruppe Niederwald spendet an den Ambulanten Kinder- u. Jugendhospizdienst Marburg OP Marburg vom 20.03.2024 [mehr]Feuerwehr Niederwald hat ein neues Tragkraftspritzenfahrzeug. OP Marburg vom 29.11.2023 [Pressebericht]Niederw\u00e4lder Nachwuchsbrandsch\u00fctzer absolvieren Kinderfeuerwehrabzeichen OP Marburg vom 13.06.2023 [mehr]M\u00e4nnergesangverein 1884 Niederwald veranstaltet Liederabend mit Gastch\u00f6ren. OP Marburg vom 22.05.2023 [mehr]Nach mehr als [&hellip;]<\/p>\n","protected":false},"author":1,"featured_media":0,"parent":0,"menu_order":0,"comment_status":"closed","ping_status":"closed","template":"","meta":{"_et_pb_use_builder":"on","_et_pb_old_content":"","_et_gb_content_width":"","footnotes":""},"class_list":["post-373","page","type-page","status-publish","hentry"],"_links":{"self":[{"href":"https:\/\/niederwald.info\/index.php?rest_route=\/wp\/v2\/pages\/373","targetHints":{"allow":["GET"]}}],"collection":[{"href":"https:\/\/niederwald.info\/index.php?rest_route=\/wp\/v2\/pages"}],"about":[{"href":"https:\/\/niederwald.info\/index.php?rest_route=\/wp\/v2\/types\/page"}],"author":[{"embeddable":true,"href":"https:\/\/niederwald.info\/index.php?rest_route=\/wp\/v2\/users\/1"}],"replies":[{"embeddable":true,"href":"https:\/\/niederwald.info\/index.php?rest_route=%2Fwp%2Fv2%2Fcomments&post=373"}],"version-history":[{"count":31,"href":"https:\/\/niederwald.info\/index.php?rest_route=\/wp\/v2\/pages\/373\/revisions"}],"predecessor-version":[{"id":1574,"href":"https:\/\/niederwald.info\/index.php?rest_route=\/wp\/v2\/pages\/373\/revisions\/1574"}],"wp:attachment":[{"href":"https:\/\/niederwald.info\/index.php?rest_route=%2Fwp%2Fv2%2Fmedia&parent=373"}],"curies":[{"name":"wp","href":"https:\/\/api.w.org\/{rel}","templated":true}]}}